se 16
-55
What is 3112 (base 8) in base 16?
64a
Convert -22b (base 16) to base 2.
-1000101011
-603a (base 11) to base 8
-17535
Convert -28916 (base 10) to base 8.
-70364
5294 (base 14) to base 3
201112111
Convert 12ea (base 15) to base 6.
30421
Convert 12606 (base 9) to base 7.
33546
What is 100011100010 (base 2) in base 15?
a19
What is 6574 (base 9) in base 16?
12ee
-1002121121 (base 3) to base 12
-105b1
-2030 (base 13) to base 9
-6065
What is 4924 (base 14) in base 12?
7484
21b (base 13) to base 4
11222
What is -3b7 (base 16) in base 5?
-12301
Convert 120 (base 13) to base 3.
21020
What is b744 (base 12) in base 11?
14094
-11111 (base 2) to base 11
-29
What is -1 (base 4) in base 8?
-1
Convert 1506 (base 13) to base 6.
22040
201121211 (base 3) to base 9
21554
What is -1625 (base 16) in base 6?
-42125
What is -27b3 (base 12) in base 3?
-20022100
Convert 13691 (base 11) to base 15.
5b75
What is 222012 (base 3) in base 12?
4ab
-2000321 (base 4) to base 15
-269e
-51002 (base 7) to base 3
-121221102
-10201221020 (base 3) to base 8
-217555
Convert -120 (base 9) to base 7.
-201
What is 2280 (base 9) in base 2?
11010011100
12 (base 11) to base 8
15
-1101100111011 (base 2) to base 15
-20eb
What is a276 (base 14) in base 10?
27936
Convert 1201422 (base 5) to base 8.
53140
What is -1000020102 (base 3) in base 11?
-13a11
What is 215e (base 15) in base 8?
15630
-100120021 (base 3) to base 14
-2781
Convert -101012 (base 5) to base 6.
-23025
What is -11320211 (base 4) in base 14?
-8ad7
What is -279a (base 15) in base 8?
-20426
Convert -113223 (base 5) to base 4.
-1001130
What is 110001110101100 (base 2) in base 9?
38001
What is -2448 (base 10) in base 7?
-10065
Convert -223 (base 12) to base 2.
-100111011
-a4bc (base 16) to base 12
-204a4
What is -65023 (base 8) in base 9?
-41222
Convert 297 (base 16) to base 14.
355
Convert -3b3 (base 14) to base 9.
-1017
Convert -120022 (base 3) to base 10.
-413
-11301 (base 8) to base 2
-1001011000001
What is -2355 (base 8) in base 14?
-661
-2549 (base 15) to base 6
-100440
What is -7128 (base 12) in base 10?
-12272
What is -1952 (base 11) in base 4?
-212231
Convert 21d (base 15) to base 10.
478
Convert 33255 (base 6) to base 7.
16352
What is -15021 (base 7) in base 11?
-3116
-122021 (base 4) to base 16
-689
-12002 (base 3) to base 6
-345
Convert 1025 (base 7) to base 14.
1bc
53223 (base 6) to base 3
100220020
What is 521 (base 9) in base 13?
268
Convert -505 (base 15) to base 3.
-1112212
Convert b08 (base 15) to base 7.
10145
Convert -2843 (base 12) to base 7.
-16404
-3795 (base 16) to base 15
-4339
Convert 5545 (base 7) to base 16.
7c9
Convert 1101001 (base 2) to base 9.
126
What is 102023 (base 5) in base 15?
100d
Convert 54500 (base 6) to base 15.
2369
-100043 (base 6) to base 2
-1111001111011
1577 (base 10) to base 15
702
What is 6710 (base 8) in base 7?
13200
What is 123cd (base 14) in base 10?
44673
What is 2a05 (base 16) in base 9?
15672
What is 135443 (base 6) in base 12?
7583
What is 1010011011 (base 2) in base 15?
2e7
What is -1040 (base 5) in base 14?
-a5
Convert -d28 (base 14) to base 10.
-2584
Convert 40102 (base 5) to base 15.
b37
9f6 (base 16) to base 11
1a09
What is -144241 (base 6) in base 8?
-33141
Convert 223a3 (base 13) to base 5.
3442111
Convert -31202 (base 7) to base 12.
-4512
What is -1351 (base 12) in base 15?
-9d1
Convert -4d1 (base 14) to base 15.
-447
What is 44017 (base 9) in base 5?
1413201
Convert -103641 (base 7) to base 4.
-10123233
369 (base 11) to base 15
1e3
Convert 2335 (base 8) to base 9.
1633
Convert -100000100110 (base 2) to base 8.
-4046
Convert -2d8 (base 14) to base 12.
-406
1865 (base 13) to base 15
1122
Convert 3145 (base 7) to base 13.
676
-1214 (base 6) to base 2
-100101010
Convert 2762 (base 11) to base 7.
13300
20 (base 14) to base 12
24
What is 73b (base 12) in base 9?
1402
Convert 452 (base 13) to base 5.
10433
What is 1567 (base 8) in base 16?
377
Convert -27a3 (base 11) to base 6.
-24434
Convert 12203 (base 5) to base 11.
774
-475 (base 13) to base 9
-1047
-1001000111100 (base 2) to base 8
-11074
-c7 (base 13) to base 8
-243
What is -a35 (base 14) in base 4?
-133113
Convert 1443 (base 6) to base 3.
112100
11617 (base 14) to base 4
22111311
1b83 (base 13) to base 12
24ab
What is -1cd (base 16) in base 7?
-1226
What is 231103 (base 5) in base 9?
12317
What is -11222100 (base 3) in base 7?
-13401
Convert -13113122 (base 4) to base 10.
-30170
Convert -512 (base 8) to base 9.
-406
-793 (base 13) to base 5
-20203
-2248 (base 14) to base 8
-13470
-10200332 (base 4) to base 5
-1042434
Convert -111122 (base 3) to base 6.
-1412
What is 135a (base 14) in base 2?
110101010100
What is 18876 (base 13) in base 12?
23656
-3013 (base 13) to base 14
-259d
What is -1336 (base 8) in base 12?
-512
Convert 2012310 (base 4) to base 15.
2853
What is -605 (base 14) in base 11?
-984
403 (base 11) to base 5
3422
What is -888 (base 9) in base 10?
-728
What is 35a1 (base 12) in base 11?
4588
Convert 1343 (base 11) to base 2.
11011001101
Convert -100100011101 (base 2) to base 11.
-1831
323 (base 10) to base 2
101000011
What is 12947 (base 15) in base 10?
59467
1021220 (base 3) to base 11
787
What is 0 (base 15) in base 8?
0
8493 (base 11) to base 9
16362
What is -414 (base 7) in base 8?
-317
-34 (base 9) to base 15
-21
What is -11b0 (base 15) in base 11?
-2913
What is 6c1 (base 13) in base 3?
1121101
-1232132 (base 4) to base 14
-2810
332 (base 4) to base 11
57
Convert -113 (base 9) to base 3.
-10110
What is 1001010011000 (base 2) in base 5?
123020
What is 3ef (base 16) in base 4?
33233
729 (base 14) to base 15
63e
-4732 (base 9) to base 10
-3512
What is 7081 (base 15) in base 12?
118aa
What is -1307 (base 9) in base 15?
-454
-1101101101100 (base 2) to base 9
-10560
Convert 18812 (base 9) to base 7.
53024
Convert -551 (base 7) to base 8.
-431
-1045 (base 6) to base 2
-11110101
What is 618 (base 12) in base 10?
884
What is c36 (base 13) in base 11?
1615
What is -725 (base 15) in base 2?
-11001001010
What is 22221000 (base 3) in base 8?
14553
-1812 (base 10) to base 4
-130110
What is -1453 (base 6) in base 15?
-1b3
What is 53f (base 16) in base 5?
20333
What is 1125 (base 6) in base 4?
10031
Convert -40164 (base 7) to base 4.
-2113203
101112 (base 3) to base 9
345
-267b (base 15) to base 9
-12238
What is 7965 (base 10) in base 7?
32136
What is 8730 (base 13) in base 5?
1100143
What is 2aa7 (base 12) in base 7?
20434
Convert 12313 (base 4) to base 2.
110110111
What is -665 (base 7) in base 12?
-245
-11543 (base 6) to base 13
-a23
-4316 (base 9) to base 8
-6146
Convert -101111100010011 (base 2) to base 9.
-36343
103655 (base 8) to base 14
c92d
What is -5054 (base 8) in base 5?
-40404
Convert 11 (base 9) to base 14.
a
What is 211210 (base 3) in base 12?
433
-1101001110111 (base 2) to base 6
-51211
What is -2370 (base 8) in base 5?
-20042
-296 (base 10) to base 16
-128
204040 (base 7) to base 14
ca90
What is -465 (base 14) in base 9?
-1170
What is 307 (base 8) in base 13?
124
-1ed (base 15) to base 5
-3243
-31021 (base 4) to base 16
-349
-34402 (base 11) to base 2
-1100001001000101
Convert 12 (base 16) to base 9.
20
537 (base 8) to base 14
1b1
What is 2a285 (base 11) in base 12?
20a13
2144 (base 5) to base 10
299
What is 36 (base 9) in base 7?
45
Convert 1030000 (base 4) to base 6.
34304
What is 466 (base 12) in base 2?
1010001110
What is 1ac3 (base 14) in base 7?
20133
What is -596 (base 14) in base 5?
-13422
What is -289 (base 14) in base 9?
-630
What is -2330 (base 4) in base 6?
-512
Convert 2100220210 (base 3) to base 13.
18294
Convert 1620 (base 8) to base 7.
2442
Convert -2313104 (base 5) to base 16.
-a2b6
-123230 (base 4) to base 8
-3354
Convert 1201001 (base 3) to base 8.
2333
What is b55a (base 12) in base 3?
1000011021
What is -201121121 (base 3) in base 7?
-56455
What is -110011011000 (base 2) in base 7?
-12405
-eee (base 15) to base 4
-310232
Convert -2076 (base 10) to base 15.
-936
What is 30759 (base 11) in base 16?
af22
575d (base 14) to base 6
154131
Convert -3521 (base 6) to base 16.
-349
What is 832 (base 15) in base 11?
142a
2311 (base 5) to base 9
407
Convert -3959 (base 10) to base 9.
-5378
What is -2241 (base 11) in base 8?
-5605
What is -2320200 (base 4) in base 9?
-17170
48